{"id":7291,"date":"2026-03-30T16:01:15","date_gmt":"2026-03-30T14:01:15","guid":{"rendered":"https:\/\/nvgf.dk\/wordpress\/?page_id=7291"},"modified":"2026-04-08T16:20:51","modified_gmt":"2026-04-08T14:20:51","slug":"rekreativt","status":"publish","type":"page","link":"https:\/\/nvgf.dk\/?page_id=7291","title":{"rendered":"Rekreativt"},"content":{"rendered":"<table style=\"width: 100%; margin-left: 0%; margin-right: 0%; margin-top: 0em; border: #ADD8E6 0px solid;\" border=\"0\" frame=\"0\" cellspacing=\"5\" cellpadding=\"5\"><colgroup> <col style=\"width: 12.5%;\" \/> <col style=\"width: 12.5%;\" \/> <col style=\"width: 12.5%;\" \/> <col style=\"width: 12.5%;\" \/> <col style=\"width: 12.5%;\" \/> <col style=\"width: 12.5%;\" \/> <col style=\"width: 12.5%;\" \/> <col style=\"width: 12.5%;\" \/> <\/colgroup>\n<tbody>\n<tr valign=\"center\">\n<td style=\"border: #800000 1px solid; background-color: #fcce3f; text-align: center; font-family: verdana,geneva; font-size: 14pt; color: #800000;\" colspan=\"8\"><strong>Rekreativt<\/strong><\/td>\n<\/tr>\n<\/tbody>\n<\/table>\n<div style=\"text-align: justify; font-family: verdana,geneva; font-size: 10pt; color: #000000; margin: 2em 10px 0em 10px; line-height: 1.6;\">\n<h1 style=\"color: #800000;\">Indhold p\u00e5 denne side<\/h1>\n<p style=\"margin-top: -0.7em; margin-left: 40px; margin-right: 40px;\">\n<h3>N\u00f8rrevangskvarteret ligger centralt i forhold til en r\u00e6kke rekreative muligheder. Du kan herunder finde links til en n\u00e6rmere omtale af nogle af de m\u00e5ske mest oplagte muligheder.<\/h3>\n<ul>\n<li style=\"text-align: justify; font-family: verdana,geneva; font-size: 12pt; margin: 1em 20px 0em 80px; color: #000000;\"><a href=\"https:\/\/nvgf.dk\/?page_id=8449\" target=\"_blank\" rel=\"noopener\">Legepladsen<\/a><\/li>\n<li style=\"text-align: justify; font-family: verdana,geneva; font-size: 12pt; margin: 0em 20px 0em 80px; color: #000000;\"><a href=\"https:\/\/nvgf.dk\/?page_id=8454\" target=\"_blank\" rel=\"noopener\">Nordskoven (Blykobbe Plantage) generelt<\/a><\/li>\n<li style=\"text-align: justify; font-family: verdana,geneva; font-size: 12pt; margin: 0em 20px 0em 80px; color: #000000;\"><a href=\"https:\/\/nvgf.dk\/?page_id=8461\" target=\"_blank\" rel=\"noopener\">Vikings l\u00f8beruter i Nordskoven<\/a><\/li>\n<li style=\"text-align: justify; font-family: verdana,geneva; font-size: 12pt; margin: 0em 20px 0em 80px; color: #000000;\"><a href=\"https:\/\/nvgf.dk\/?page_id=8473\" target=\"_blank\" rel=\"noopener\">Sandflugtstien i Nordskoven<\/a><\/li>\n<li style=\"text-align: justify; font-family: verdana,geneva; font-size: 12pt; margin: 0em 20px 0em 80px; color: #000000;\"><a href=\"https:\/\/nvgf.dk\/?page_id=8479\" target=\"_blank\" rel=\"noopener\">Antoinettes Strand<\/a><\/li>\n<li style=\"text-align: justify; font-family: verdana,geneva; font-size: 12pt; margin: 0em 20px 0em 80px; color: #000000;\"><a href=\"https:\/\/nvgf.dk\/?page_id=9543\" target=\"_blank\" rel=\"noopener\">Naturlegepladsen i Nordskoven<\/a><\/li><li style=\"text-align: justify; font-family: verdana,geneva; font-size: 12pt; margin: 0em 20px 0em 80px; color: #000000;\"><a href=\"https:\/\/nvgf.dk\/?page_id=8476\" target=\"_blank\" rel=\"noopener\">Hunde i Nordskoven<\/a><\/li>\n<li style=\"text-align: justify; font-family: verdana,geneva; font-size: 12pt; margin: 0em 20px 0em 80px; color: #000000;\"><a href=\"https:\/\/nvgf.dk\/?page_id=8482\" target=\"_blank\" rel=\"noopener\">Den gr\u00f8nne Ring<\/a><\/li>\n<\/ul>\n<\/p><\/div><!-- \/wp:post-content --> ","protected":false},"excerpt":{"rendered":"<p>Rekreativt Indhold p\u00e5 denne side N\u00f8rrevangskvarteret ligger centralt i forhold til en r\u00e6kke rekreative muligheder. Du kan herunder finde links til en n\u00e6rmere omtale af nogle af de m\u00e5ske mest oplagte muligheder. Legepladsen Nordskoven (Blykobbe Plantage) generelt Vikings l\u00f8beruter i &hellip; <a href=\"https:\/\/nvgf.dk\/?page_id=7291\">L\u00e6s resten <span class=\"meta-nav\">&rarr;<\/span><\/a><\/p>\n","protected":false},"author":1,"featured_media":0,"parent":0,"menu_order":6,"comment_status":"closed","ping_status":"closed","template":"","meta":{"footnotes":"","_wp_rev_ctl_limit":"1"},"class_list":["post-7291","page","type-page","status-publish","hentry"],"_links":{"self":[{"href":"https:\/\/nvgf.dk\/index.php?rest_route=\/wp\/v2\/pages\/7291","targetHints":{"allow":["GET"]}}],"collection":[{"href":"https:\/\/nvgf.dk\/index.php?rest_route=\/wp\/v2\/pages"}],"about":[{"href":"https:\/\/nvgf.dk\/index.php?rest_route=\/wp\/v2\/types\/page"}],"author":[{"embeddable":true,"href":"https:\/\/nvgf.dk\/index.php?rest_route=\/wp\/v2\/users\/1"}],"replies":[{"embeddable":true,"href":"https:\/\/nvgf.dk\/index.php?rest_route=%2Fwp%2Fv2%2Fcomments&post=7291"}],"version-history":[{"count":1,"href":"https:\/\/nvgf.dk\/index.php?rest_route=\/wp\/v2\/pages\/7291\/revisions"}],"predecessor-version":[{"id":9554,"href":"https:\/\/nvgf.dk\/index.php?rest_route=\/wp\/v2\/pages\/7291\/revisions\/9554"}],"wp:attachment":[{"href":"https:\/\/nvgf.dk\/index.php?rest_route=%2Fwp%2Fv2%2Fmedia&parent=7291"}],"curies":[{"name":"wp","href":"https:\/\/api.w.org\/{rel}","templated":true}]}}