{"id":8461,"date":"2026-03-30T16:15:33","date_gmt":"2026-03-30T14:15:33","guid":{"rendered":"https:\/\/nvgf.dk\/?page_id=8461"},"modified":"2026-04-07T23:05:05","modified_gmt":"2026-04-07T21:05:05","slug":"vikings-loeberuter-i-nordskoven","status":"publish","type":"page","link":"https:\/\/nvgf.dk\/?page_id=8461","title":{"rendered":"Vikings l\u00f8beruter i Nordskoven"},"content":{"rendered":"<table style=\"width: 100%; margin-left: 0%; margin-right: 0%; margin-top: 0em; border: #ADD8E6 0px solid;\" border=\"0\" frame=\"0\" cellspacing=\"5\" cellpadding=\"5\">\n<colgroup>\n<col style=\"width: 12.5%;\" \/>\n<col style=\"width: 12.5%;\" \/>\n<col style=\"width: 12.5%;\" \/>\n<col style=\"width: 12.5%;\" \/>\n<col style=\"width: 12.5%;\" \/>\n<col style=\"width: 12.5%;\" \/>\n<col style=\"width: 12.5%;\" \/>\n<col style=\"width: 12.5%;\" \/> <\/colgroup>\n<tbody>\n<tr valign=\"center\">\n<td style=\"border: #800000 1px solid; background-color: #fcce3f; text-align: center; font-family: verdana,geneva; font-size: 14pt; color: #800000;\" colspan=\"8\"><strong>Vikings l\u00f8beruter i Nordskoven<\/strong><\/td>\n<\/tr>\n<tr valign=\"top\">\n<td style=\"border: 0px solid;\" colspan=\"8\">\n<h6 style=\"text-align: justify; font-family: verdana,geneva; margin: 1em 10px 1em 10px;\"><em>(Senest opdateret 29.03.2026)<\/em><\/h6>\n<\/td>\n<\/tr>\n<tr valign=\"top\">\n<td style=\"border: 0px solid;\" colspan=\"8\">\n<p style=\"text-align: justify;\"><a href=\"https:\/\/nvgf.dk\/wp-content\/uploads\/2026\/03\/IMG_6334ed-scaled.jpeg\"><img loading=\"lazy\" decoding=\"async\" class=\"aligncenter size-medium wp-image-7446\" src=\"https:\/\/nvgf.dk\/wp-content\/uploads\/2026\/03\/IMG_6334ed-240x180.jpeg\" alt=\"\" width=\"240\" height=\"180\" srcset=\"https:\/\/nvgf.dk\/wp-content\/uploads\/2026\/03\/IMG_6334ed-240x180.jpeg 240w, https:\/\/nvgf.dk\/wp-content\/uploads\/2026\/03\/IMG_6334ed-1024x768.jpeg 1024w, https:\/\/nvgf.dk\/wp-content\/uploads\/2026\/03\/IMG_6334ed-170x128.jpeg 170w, https:\/\/nvgf.dk\/wp-content\/uploads\/2026\/03\/IMG_6334ed-768x576.jpeg 768w, https:\/\/nvgf.dk\/wp-content\/uploads\/2026\/03\/IMG_6334ed-1536x1152.jpeg 1536w, https:\/\/nvgf.dk\/wp-content\/uploads\/2026\/03\/IMG_6334ed-2048x1536.jpeg 2048w\" sizes=\"auto, (max-width: 240px) 100vw, 240px\" \/><\/a><\/p>\n<p style=\"text-align: justify;\"><a href=\"https:\/\/nvgf.dk\/wp-content\/uploads\/2026\/03\/IMG_6313-scaled.jpeg\"><img loading=\"lazy\" decoding=\"async\" class=\"alignright size-medium wp-image-7457\" src=\"https:\/\/nvgf.dk\/wp-content\/uploads\/2026\/03\/IMG_6313-180x240.jpeg\" alt=\"\" width=\"180\" height=\"240\" srcset=\"https:\/\/nvgf.dk\/wp-content\/uploads\/2026\/03\/IMG_6313-180x240.jpeg 180w, https:\/\/nvgf.dk\/wp-content\/uploads\/2026\/03\/IMG_6313-768x1024.jpeg 768w, https:\/\/nvgf.dk\/wp-content\/uploads\/2026\/03\/IMG_6313-128x170.jpeg 128w, https:\/\/nvgf.dk\/wp-content\/uploads\/2026\/03\/IMG_6313-1152x1536.jpeg 1152w, https:\/\/nvgf.dk\/wp-content\/uploads\/2026\/03\/IMG_6313-1536x2048.jpeg 1536w, https:\/\/nvgf.dk\/wp-content\/uploads\/2026\/03\/IMG_6313-scaled.jpeg 1920w\" sizes=\"auto, (max-width: 180px) 100vw, 180px\" \/><\/a>Viking Atletik har et samlingsomr\u00e5de ved Villa Nova (billedet ovenfor), hvorfra der udg\u00e5r to fint afm\u00e6rkede l\u00f8beruter p\u00e5 henholdsvis 3 og 5 km. Ruterne kan l\u00f8bes b\u00e5de med og mod uret. 3 km ruten er afm\u00e6rket med bl\u00e5 pile p\u00e5 nogle lave stolper og bl\u00e5 prikker p\u00e5 tr\u00e6erne &#8211; med et vist mellemrum, mens 5 km ruten p\u00e5 tilsvarende m\u00e5de er afm\u00e6rket med r\u00f8de pile og r\u00f8de prikker. Begge ruter forl\u00f8ber ad stier med en h\u00e5rd overflade, som er prepareret med sten og stenmel og er helt uden generende r\u00f8dder. P\u00e5 begge stier er der markeringer for hver hele km. Stierne er f\u00e6lles for de to ruter v\u00e6k fra startstedet, men deler sig efter et stykke ude i skoven. Det fremg\u00e5r tydeligt af pilene, hvor ruterne deler sig (billedet til h\u00f8jre).<\/p>\n<p style=\"text-align: justify;\"><a href=\"https:\/\/nvgf.dk\/wp-content\/uploads\/2026\/03\/IMG_6333ed-scaled.jpeg\"><img loading=\"lazy\" decoding=\"async\" class=\"alignleft size-medium wp-image-7449\" src=\"https:\/\/nvgf.dk\/wp-content\/uploads\/2026\/03\/IMG_6333ed-180x240.jpeg\" alt=\"\" width=\"180\" height=\"240\" srcset=\"https:\/\/nvgf.dk\/wp-content\/uploads\/2026\/03\/IMG_6333ed-180x240.jpeg 180w, https:\/\/nvgf.dk\/wp-content\/uploads\/2026\/03\/IMG_6333ed-768x1024.jpeg 768w, https:\/\/nvgf.dk\/wp-content\/uploads\/2026\/03\/IMG_6333ed-128x170.jpeg 128w, https:\/\/nvgf.dk\/wp-content\/uploads\/2026\/03\/IMG_6333ed-1152x1536.jpeg 1152w, https:\/\/nvgf.dk\/wp-content\/uploads\/2026\/03\/IMG_6333ed-1536x2048.jpeg 1536w, https:\/\/nvgf.dk\/wp-content\/uploads\/2026\/03\/IMG_6333ed-scaled.jpeg 1920w\" sizes=\"auto, (max-width: 180px) 100vw, 180px\" \/><\/a>Nogle pilemarkeringer kan m\u00e5ske i f\u00f8rste omgang virke en anelse forvirrende, men der er en god huskeregel. Man skal altid kigge p\u00e5 den side af p\u00e6len, man kommer henimod, og f\u00f8lge pilen i den retning, den peger. Is\u00e6r p\u00e5 startstedsstolperne (billedet til venstre) er der mange pile, men det skyldes alts\u00e5, at man kan v\u00e6lge at l\u00f8be enten den ene eller den anden vej rundt.<\/p>\n<p style=\"text-align: justify;\">Og s\u00e5 er der jo bare at sige: GOD L\u00d8BETUR!<\/p>\n<\/td>\n<\/tr>\n<tr valign=\"center\">\n<td style=\"border: 0px solid;\" colspan=\"4\"><a href=\"https:\/\/nvgf.dk\/wp-content\/uploads\/2026\/03\/IMG_6311-scaled.jpeg\"><img loading=\"lazy\" decoding=\"async\" class=\"alignright size-medium wp-image-7456\" src=\"https:\/\/nvgf.dk\/wp-content\/uploads\/2026\/03\/IMG_6311-240x180.jpeg\" alt=\"\" width=\"240\" height=\"180\" srcset=\"https:\/\/nvgf.dk\/wp-content\/uploads\/2026\/03\/IMG_6311-240x180.jpeg 240w, https:\/\/nvgf.dk\/wp-content\/uploads\/2026\/03\/IMG_6311-1024x768.jpeg 1024w, https:\/\/nvgf.dk\/wp-content\/uploads\/2026\/03\/IMG_6311-170x128.jpeg 170w, https:\/\/nvgf.dk\/wp-content\/uploads\/2026\/03\/IMG_6311-768x576.jpeg 768w, https:\/\/nvgf.dk\/wp-content\/uploads\/2026\/03\/IMG_6311-1536x1152.jpeg 1536w, https:\/\/nvgf.dk\/wp-content\/uploads\/2026\/03\/IMG_6311-2048x1536.jpeg 2048w\" sizes=\"auto, (max-width: 240px) 100vw, 240px\" \/><\/a><\/td>\n<td style=\"border: 0px solid;\" colspan=\"4\"><a href=\"https:\/\/nvgf.dk\/wp-content\/uploads\/2026\/03\/IMG_6320-scaled.jpeg\"><img loading=\"lazy\" decoding=\"async\" class=\"alignleft size-medium wp-image-7459\" src=\"https:\/\/nvgf.dk\/wp-content\/uploads\/2026\/03\/IMG_6320-240x180.jpeg\" alt=\"\" width=\"240\" height=\"180\" srcset=\"https:\/\/nvgf.dk\/wp-content\/uploads\/2026\/03\/IMG_6320-240x180.jpeg 240w, https:\/\/nvgf.dk\/wp-content\/uploads\/2026\/03\/IMG_6320-1024x768.jpeg 1024w, https:\/\/nvgf.dk\/wp-content\/uploads\/2026\/03\/IMG_6320-170x128.jpeg 170w, https:\/\/nvgf.dk\/wp-content\/uploads\/2026\/03\/IMG_6320-768x576.jpeg 768w, https:\/\/nvgf.dk\/wp-content\/uploads\/2026\/03\/IMG_6320-1536x1152.jpeg 1536w, https:\/\/nvgf.dk\/wp-content\/uploads\/2026\/03\/IMG_6320-2048x1536.jpeg 2048w\" sizes=\"auto, (max-width: 240px) 100vw, 240px\" \/><\/a><\/td>\n<\/tr>\n<tr valign=\"center\">\n<td style=\"border: 0px solid;\" colspan=\"4\"><a href=\"https:\/\/nvgf.dk\/wp-content\/uploads\/2026\/03\/IMG_6327-scaled.jpeg\"><img loading=\"lazy\" decoding=\"async\" class=\"alignright size-medium wp-image-7450\" src=\"https:\/\/nvgf.dk\/wp-content\/uploads\/2026\/03\/IMG_6327-180x240.jpeg\" alt=\"\" width=\"180\" height=\"240\" srcset=\"https:\/\/nvgf.dk\/wp-content\/uploads\/2026\/03\/IMG_6327-180x240.jpeg 180w, https:\/\/nvgf.dk\/wp-content\/uploads\/2026\/03\/IMG_6327-768x1024.jpeg 768w, https:\/\/nvgf.dk\/wp-content\/uploads\/2026\/03\/IMG_6327-128x170.jpeg 128w, https:\/\/nvgf.dk\/wp-content\/uploads\/2026\/03\/IMG_6327-1152x1536.jpeg 1152w, https:\/\/nvgf.dk\/wp-content\/uploads\/2026\/03\/IMG_6327-1536x2048.jpeg 1536w, https:\/\/nvgf.dk\/wp-content\/uploads\/2026\/03\/IMG_6327-scaled.jpeg 1920w\" sizes=\"auto, (max-width: 180px) 100vw, 180px\" \/><\/a><\/td>\n<td style=\"border: 0px solid;\" colspan=\"4\"><a href=\"https:\/\/nvgf.dk\/wp-content\/uploads\/2026\/03\/IMG_6315-scaled.jpeg\"><img loading=\"lazy\" decoding=\"async\" class=\"alignleft size-medium wp-image-7458\" src=\"https:\/\/nvgf.dk\/wp-content\/uploads\/2026\/03\/IMG_6315-180x240.jpeg\" alt=\"\" width=\"180\" height=\"240\" srcset=\"https:\/\/nvgf.dk\/wp-content\/uploads\/2026\/03\/IMG_6315-180x240.jpeg 180w, https:\/\/nvgf.dk\/wp-content\/uploads\/2026\/03\/IMG_6315-768x1024.jpeg 768w, https:\/\/nvgf.dk\/wp-content\/uploads\/2026\/03\/IMG_6315-128x170.jpeg 128w, https:\/\/nvgf.dk\/wp-content\/uploads\/2026\/03\/IMG_6315-1152x1536.jpeg 1152w, https:\/\/nvgf.dk\/wp-content\/uploads\/2026\/03\/IMG_6315-1536x2048.jpeg 1536w, https:\/\/nvgf.dk\/wp-content\/uploads\/2026\/03\/IMG_6315-scaled.jpeg 1920w\" sizes=\"auto, (max-width: 180px) 100vw, 180px\" \/><\/a><\/td>\n<\/tr>\n<\/tbody>\n<\/table>\n<p style=\"text-align: justify; font-size: 9pt;\"><em><a href=\"https:\/\/nvgf.dk\/?page_id=7291\">Tilbage til Rekreativt<\/a><\/em><\/p>\n ","protected":false},"excerpt":{"rendered":"<p>Vikings l\u00f8beruter i Nordskoven (Senest opdateret 29.03.2026) Viking Atletik har et samlingsomr\u00e5de ved Villa Nova (billedet ovenfor), hvorfra der udg\u00e5r to fint afm\u00e6rkede l\u00f8beruter p\u00e5 henholdsvis 3 og 5 km. Ruterne kan l\u00f8bes b\u00e5de med og mod uret. 3 km &hellip; <a href=\"https:\/\/nvgf.dk\/?page_id=8461\">L\u00e6s resten <span class=\"meta-nav\">&rarr;<\/span><\/a><\/p>\n","protected":false},"author":1,"featured_media":0,"parent":0,"menu_order":0,"comment_status":"closed","ping_status":"closed","template":"","meta":{"footnotes":"","_wp_rev_ctl_limit":""},"class_list":["post-8461","page","type-page","status-publish","hentry"],"_links":{"self":[{"href":"https:\/\/nvgf.dk\/index.php?rest_route=\/wp\/v2\/pages\/8461","targetHints":{"allow":["GET"]}}],"collection":[{"href":"https:\/\/nvgf.dk\/index.php?rest_route=\/wp\/v2\/pages"}],"about":[{"href":"https:\/\/nvgf.dk\/index.php?rest_route=\/wp\/v2\/types\/page"}],"author":[{"embeddable":true,"href":"https:\/\/nvgf.dk\/index.php?rest_route=\/wp\/v2\/users\/1"}],"replies":[{"embeddable":true,"href":"https:\/\/nvgf.dk\/index.php?rest_route=%2Fwp%2Fv2%2Fcomments&post=8461"}],"version-history":[{"count":4,"href":"https:\/\/nvgf.dk\/index.php?rest_route=\/wp\/v2\/pages\/8461\/revisions"}],"predecessor-version":[{"id":9400,"href":"https:\/\/nvgf.dk\/index.php?rest_route=\/wp\/v2\/pages\/8461\/revisions\/9400"}],"wp:attachment":[{"href":"https:\/\/nvgf.dk\/index.php?rest_route=%2Fwp%2Fv2%2Fmedia&parent=8461"}],"curies":[{"name":"wp","href":"https:\/\/api.w.org\/{rel}","templated":true}]}}