{"id":8473,"date":"2026-03-30T16:16:06","date_gmt":"2026-03-30T14:16:06","guid":{"rendered":"https:\/\/nvgf.dk\/?page_id=8473"},"modified":"2026-04-07T23:07:40","modified_gmt":"2026-04-07T21:07:40","slug":"sandflugtstien-i-nordskoven","status":"publish","type":"page","link":"https:\/\/nvgf.dk\/?page_id=8473","title":{"rendered":"Sandflugtstien i Nordskoven"},"content":{"rendered":"<table style=\"width: 100%; margin-left: 0%; margin-right: 0%; margin-top: 0em; border: #ADD8E6 0px solid;\" border=\"0\" frame=\"0\" cellspacing=\"5\" cellpadding=\"5\">\n<colgroup>\n<col style=\"width: 12.5%;\" \/>\n<col style=\"width: 12.5%;\" \/>\n<col style=\"width: 12.5%;\" \/>\n<col style=\"width: 12.5%;\" \/>\n<col style=\"width: 12.5%;\" \/>\n<col style=\"width: 12.5%;\" \/>\n<col style=\"width: 12.5%;\" \/>\n<col style=\"width: 12.5%;\" \/> <\/colgroup>\n<tbody>\n<tr valign=\"center\">\n<td style=\"border: #800000 1px solid; background-color: #fcce3f; text-align: center; font-family: verdana,geneva; font-size: 14pt; color: #800000;\" colspan=\"8\"><strong>Sandflugtstien i Nordskoven<\/strong><\/td>\n<\/tr>\n<tr valign=\"top\">\n<td style=\"border: 0px solid;\" colspan=\"8\">\n<h6 style=\"text-align: justify; font-family: verdana,geneva; margin: 1em 10px 1em 10px;\"><em>(Senest opdateret 30.03.2026)<\/em><\/h6>\n<\/td>\n<\/tr>\n<tr valign=\"top\">\n<td style=\"border: 0px solid;\" colspan=\"8\">\n<p style=\"text-align: justify;\"><a href=\"https:\/\/nvgf.dk\/wp-content\/uploads\/2026\/03\/IMG_5594-scaled.jpeg\"><img loading=\"lazy\" decoding=\"async\" class=\"alignleft size-medium wp-image-8579\" src=\"https:\/\/nvgf.dk\/wp-content\/uploads\/2026\/03\/IMG_5594-240x135.jpeg\" alt=\"\" width=\"240\" height=\"135\" srcset=\"https:\/\/nvgf.dk\/wp-content\/uploads\/2026\/03\/IMG_5594-240x135.jpeg 240w, https:\/\/nvgf.dk\/wp-content\/uploads\/2026\/03\/IMG_5594-1024x576.jpeg 1024w, https:\/\/nvgf.dk\/wp-content\/uploads\/2026\/03\/IMG_5594-170x96.jpeg 170w, https:\/\/nvgf.dk\/wp-content\/uploads\/2026\/03\/IMG_5594-768x432.jpeg 768w, https:\/\/nvgf.dk\/wp-content\/uploads\/2026\/03\/IMG_5594-1536x864.jpeg 1536w, https:\/\/nvgf.dk\/wp-content\/uploads\/2026\/03\/IMG_5594-2048x1152.jpeg 2048w\" sizes=\"auto, (max-width: 240px) 100vw, 240px\" \/><\/a><a href=\"https:\/\/nvgf.dk\/wp-content\/uploads\/2026\/03\/IMG_5633-scaled.jpeg\"><img loading=\"lazy\" decoding=\"async\" class=\"alignright size-medium wp-image-8583\" src=\"https:\/\/nvgf.dk\/wp-content\/uploads\/2026\/03\/IMG_5633-135x240.jpeg\" alt=\"\" width=\"135\" height=\"240\" srcset=\"https:\/\/nvgf.dk\/wp-content\/uploads\/2026\/03\/IMG_5633-135x240.jpeg 135w, https:\/\/nvgf.dk\/wp-content\/uploads\/2026\/03\/IMG_5633-576x1024.jpeg 576w, https:\/\/nvgf.dk\/wp-content\/uploads\/2026\/03\/IMG_5633-96x170.jpeg 96w, https:\/\/nvgf.dk\/wp-content\/uploads\/2026\/03\/IMG_5633-768x1365.jpeg 768w, https:\/\/nvgf.dk\/wp-content\/uploads\/2026\/03\/IMG_5633-864x1536.jpeg 864w, https:\/\/nvgf.dk\/wp-content\/uploads\/2026\/03\/IMG_5633-1152x2048.jpeg 1152w, https:\/\/nvgf.dk\/wp-content\/uploads\/2026\/03\/IMG_5633-scaled.jpeg 1440w\" sizes=\"auto, (max-width: 135px) 100vw, 135px\" \/><\/a>Sandflugtstien er markeret med gule pile p\u00e5 lave p\u00e6le langs ruten, ligesom mange tr\u00e6er p\u00e5 ruten er m\u00e6rket med gule cirkelrunde pletter. P\u00e5 en del af skiltene st\u00e5r der under pilene desuden navnet p\u00e5 stien, alts\u00e5 Sandflugtstien. <\/p>\n<p style=\"text-align: justify;\">Stien kan typisk p\u00e5begyndes ved Villa Nova eller fra parkeringspladsen p\u00e5 Antoinettevej. Der er tale om en rundstr\u00e6kning, som er afm\u00e6rket, s\u00e5 den kan g\u00e5s i begge retninger. Som hovedregel skal man huske at f\u00f8lge pilens retning p\u00e5 den side af stolpen, man kommer henimod, og ikke som s\u00e5dan orientere sig p\u00e5 de andre sider.<\/p>\n<p style=\"text-align: justify;\"><a href=\"https:\/\/nvgf.dk\/wp-content\/uploads\/2026\/03\/IMG_5627-scaled.jpeg\"><img loading=\"lazy\" decoding=\"async\" class=\"alignright size-medium wp-image-7492\" src=\"https:\/\/nvgf.dk\/wp-content\/uploads\/2026\/03\/IMG_5627-135x240.jpeg\" alt=\"\" width=\"135\" height=\"240\" srcset=\"https:\/\/nvgf.dk\/wp-content\/uploads\/2026\/03\/IMG_5627-135x240.jpeg 135w, https:\/\/nvgf.dk\/wp-content\/uploads\/2026\/03\/IMG_5627-576x1024.jpeg 576w, https:\/\/nvgf.dk\/wp-content\/uploads\/2026\/03\/IMG_5627-96x170.jpeg 96w, https:\/\/nvgf.dk\/wp-content\/uploads\/2026\/03\/IMG_5627-768x1365.jpeg 768w, https:\/\/nvgf.dk\/wp-content\/uploads\/2026\/03\/IMG_5627-864x1536.jpeg 864w, https:\/\/nvgf.dk\/wp-content\/uploads\/2026\/03\/IMG_5627-1152x2048.jpeg 1152w, https:\/\/nvgf.dk\/wp-content\/uploads\/2026\/03\/IMG_5627-scaled.jpeg 1440w\" sizes=\"auto, (max-width: 135px) 100vw, 135px\" \/><\/a>Turen er lidt over 7 km lang. Lidt over halvdelen af ruten g\u00e5r gennem skoven dels p\u00e5 st\u00f8rre, dels p\u00e5 meget sm\u00e5 stier &#8211; eller noget, der n\u00e6sten ikke ligner stier som p\u00e5 billedet til h\u00f8jre. Resten g\u00e5r i de yderste klitr\u00e6kker ad sm\u00e5 fodstier, der b\u00e5de bugter sig til siderne og ikke mindst op og ned ad de mange bakker. Stierne langs vandet har et meget vekslende underlag &#8211; sand, skovbund og mos, og mange steder skal man passe godt p\u00e5 tr\u00e6r\u00f8dder, ligesom man ogs\u00e5 skal passere et par sm\u00e5 vandl\u00f8b undervejs. En del af turen ligger mellem Kulvejen og Nyker Strandvej langs med Blykobbe \u00c5.<\/p>\n<\/td>\n<\/tr>\n<tr valign=\"top\">\n<td style=\"border: 0px solid;\" colspan=\"4\"><a href=\"https:\/\/nvgf.dk\/wp-content\/uploads\/2026\/03\/IMG_5570-scaled.jpeg\"><img loading=\"lazy\" decoding=\"async\" class=\"alignright size-medium wp-image-8574\" src=\"https:\/\/nvgf.dk\/wp-content\/uploads\/2026\/03\/IMG_5570-240x135.jpeg\" alt=\"\" width=\"240\" height=\"135\" srcset=\"https:\/\/nvgf.dk\/wp-content\/uploads\/2026\/03\/IMG_5570-240x135.jpeg 240w, https:\/\/nvgf.dk\/wp-content\/uploads\/2026\/03\/IMG_5570-1024x576.jpeg 1024w, https:\/\/nvgf.dk\/wp-content\/uploads\/2026\/03\/IMG_5570-170x96.jpeg 170w, https:\/\/nvgf.dk\/wp-content\/uploads\/2026\/03\/IMG_5570-768x432.jpeg 768w, https:\/\/nvgf.dk\/wp-content\/uploads\/2026\/03\/IMG_5570-1536x864.jpeg 1536w, https:\/\/nvgf.dk\/wp-content\/uploads\/2026\/03\/IMG_5570-2048x1152.jpeg 2048w\" sizes=\"auto, (max-width: 240px) 100vw, 240px\" \/><\/a><\/td>\n<td style=\"border: 0px solid;\" colspan=\"4\"><a href=\"https:\/\/nvgf.dk\/wp-content\/uploads\/2026\/03\/IMG_5572-scaled.jpeg\"><img loading=\"lazy\" decoding=\"async\" class=\"alignleft size-medium wp-image-8575\" src=\"https:\/\/nvgf.dk\/wp-content\/uploads\/2026\/03\/IMG_5572-240x135.jpeg\" alt=\"\" width=\"240\" height=\"135\" srcset=\"https:\/\/nvgf.dk\/wp-content\/uploads\/2026\/03\/IMG_5572-240x135.jpeg 240w, https:\/\/nvgf.dk\/wp-content\/uploads\/2026\/03\/IMG_5572-1024x576.jpeg 1024w, https:\/\/nvgf.dk\/wp-content\/uploads\/2026\/03\/IMG_5572-170x96.jpeg 170w, https:\/\/nvgf.dk\/wp-content\/uploads\/2026\/03\/IMG_5572-768x432.jpeg 768w, https:\/\/nvgf.dk\/wp-content\/uploads\/2026\/03\/IMG_5572-1536x864.jpeg 1536w, https:\/\/nvgf.dk\/wp-content\/uploads\/2026\/03\/IMG_5572-2048x1152.jpeg 2048w\" sizes=\"auto, (max-width: 240px) 100vw, 240px\" \/><\/a><\/td>\n<\/tr>\n<tr valign=\"top\">\n<td style=\"border: 0px solid;\" colspan=\"8\">\n<p style=\"text-align: justify;\">Is\u00e6r turen langs Blykobbe \u00c5 og langs kysten fra shelterpladsen ved Blykobbe Strand og Skovly til Antoinettes Strand er utrolig malerisk med mange fine panoramaudsigter og et meget afvekslende terr\u00e6n. Man skal dog v\u00e6re forberedt p\u00e5 en udfordrende rute, hvor gangstave absolut kan anbefales, hvis man er lidt usikker p\u00e5 benene. Skulle man give sig i kast med stien langs kysten og synes, den er en for stor mundfuld, kan man hurtigt komme &#8220;i sikkerhed&#8221; p\u00e5 mere fast grund via alle de tv\u00e6rstier, man passerer undervejs, og som g\u00e5r fra kyststien inde i skoven og ned til stranden.<\/p>\n<p style=\"text-align: justify;\">Det er en fantastisk rute, som det er v\u00e6rd at opleve mere end \u00e9n gang!<\/p>\n<p style=\"text-align: justify;\"><strong>NB! <\/strong>Om vinteren og i det tidlige for\u00e5r skal man v\u00e6re opm\u00e6rksom p\u00e5, at Sandflugtstien lige neden for fril\u00f8bshegningen kan v\u00e6re oversv\u00f8mmet og n\u00e6rmest umulig at passere!\n<\/p>\n<\/td>\n<\/tr>\n<tr valign=\"top\">\n<td style=\"border: 0px solid;\" colspan=\"4\"><a href=\"https:\/\/nvgf.dk\/wp-content\/uploads\/2026\/03\/IMG_5601-scaled.jpeg\"><img loading=\"lazy\" decoding=\"async\" class=\"alignright size-medium wp-image-8580\" src=\"https:\/\/nvgf.dk\/wp-content\/uploads\/2026\/03\/IMG_5601-240x135.jpeg\" alt=\"\" width=\"240\" height=\"135\" srcset=\"https:\/\/nvgf.dk\/wp-content\/uploads\/2026\/03\/IMG_5601-240x135.jpeg 240w, https:\/\/nvgf.dk\/wp-content\/uploads\/2026\/03\/IMG_5601-1024x576.jpeg 1024w, https:\/\/nvgf.dk\/wp-content\/uploads\/2026\/03\/IMG_5601-170x96.jpeg 170w, https:\/\/nvgf.dk\/wp-content\/uploads\/2026\/03\/IMG_5601-768x432.jpeg 768w, https:\/\/nvgf.dk\/wp-content\/uploads\/2026\/03\/IMG_5601-1536x864.jpeg 1536w, https:\/\/nvgf.dk\/wp-content\/uploads\/2026\/03\/IMG_5601-2048x1152.jpeg 2048w\" sizes=\"auto, (max-width: 240px) 100vw, 240px\" \/><\/a><\/td>\n<td style=\"border: 0px solid;\" colspan=\"4\"><a href=\"https:\/\/nvgf.dk\/wp-content\/uploads\/2026\/03\/IMG_5632-scaled.jpeg\"><img loading=\"lazy\" decoding=\"async\" class=\"alignleft size-medium wp-image-8582\" src=\"https:\/\/nvgf.dk\/wp-content\/uploads\/2026\/03\/IMG_5632-240x135.jpeg\" alt=\"\" width=\"240\" height=\"135\" srcset=\"https:\/\/nvgf.dk\/wp-content\/uploads\/2026\/03\/IMG_5632-240x135.jpeg 240w, https:\/\/nvgf.dk\/wp-content\/uploads\/2026\/03\/IMG_5632-1024x576.jpeg 1024w, https:\/\/nvgf.dk\/wp-content\/uploads\/2026\/03\/IMG_5632-170x96.jpeg 170w, https:\/\/nvgf.dk\/wp-content\/uploads\/2026\/03\/IMG_5632-768x432.jpeg 768w, https:\/\/nvgf.dk\/wp-content\/uploads\/2026\/03\/IMG_5632-1536x864.jpeg 1536w, https:\/\/nvgf.dk\/wp-content\/uploads\/2026\/03\/IMG_5632-2048x1152.jpeg 2048w\" sizes=\"auto, (max-width: 240px) 100vw, 240px\" \/><\/a><\/td>\n<\/tr>\n<tr valign=\"top\">\n<td style=\"border: 0px solid;\" colspan=\"4\"><a href=\"https:\/\/nvgf.dk\/wp-content\/uploads\/2026\/03\/IMG_5590-scaled.jpeg\"><img loading=\"lazy\" decoding=\"async\" class=\"alignright size-medium wp-image-8577\" src=\"https:\/\/nvgf.dk\/wp-content\/uploads\/2026\/03\/IMG_5590-240x135.jpeg\" alt=\"\" width=\"240\" height=\"135\" srcset=\"https:\/\/nvgf.dk\/wp-content\/uploads\/2026\/03\/IMG_5590-240x135.jpeg 240w, https:\/\/nvgf.dk\/wp-content\/uploads\/2026\/03\/IMG_5590-1024x576.jpeg 1024w, https:\/\/nvgf.dk\/wp-content\/uploads\/2026\/03\/IMG_5590-170x96.jpeg 170w, https:\/\/nvgf.dk\/wp-content\/uploads\/2026\/03\/IMG_5590-768x432.jpeg 768w, https:\/\/nvgf.dk\/wp-content\/uploads\/2026\/03\/IMG_5590-1536x864.jpeg 1536w, https:\/\/nvgf.dk\/wp-content\/uploads\/2026\/03\/IMG_5590-2048x1152.jpeg 2048w\" sizes=\"auto, (max-width: 240px) 100vw, 240px\" \/><\/a> <\/td>\n<td style=\"border: 0px solid;\" colspan=\"4\"><a href=\"https:\/\/nvgf.dk\/wp-content\/uploads\/2026\/03\/IMG_5604-scaled.jpeg\"><img loading=\"lazy\" decoding=\"async\" class=\"alignleft size-medium wp-image-8581\" src=\"https:\/\/nvgf.dk\/wp-content\/uploads\/2026\/03\/IMG_5604-240x135.jpeg\" alt=\"\" width=\"240\" height=\"135\" srcset=\"https:\/\/nvgf.dk\/wp-content\/uploads\/2026\/03\/IMG_5604-240x135.jpeg 240w, https:\/\/nvgf.dk\/wp-content\/uploads\/2026\/03\/IMG_5604-1024x576.jpeg 1024w, https:\/\/nvgf.dk\/wp-content\/uploads\/2026\/03\/IMG_5604-170x96.jpeg 170w, https:\/\/nvgf.dk\/wp-content\/uploads\/2026\/03\/IMG_5604-768x432.jpeg 768w, https:\/\/nvgf.dk\/wp-content\/uploads\/2026\/03\/IMG_5604-1536x864.jpeg 1536w, https:\/\/nvgf.dk\/wp-content\/uploads\/2026\/03\/IMG_5604-2048x1152.jpeg 2048w\" sizes=\"auto, (max-width: 240px) 100vw, 240px\" \/><\/a><\/td>\n<\/tr>\n<tr valign=\"top\">\n<td style=\"border: 0px solid;\" colspan=\"4\"><a href=\"https:\/\/nvgf.dk\/wp-content\/uploads\/2026\/03\/IMG_5589-scaled.jpeg\"><img loading=\"lazy\" decoding=\"async\" class=\"alignright size-medium wp-image-8576\" src=\"https:\/\/nvgf.dk\/wp-content\/uploads\/2026\/03\/IMG_5589-135x240.jpeg\" alt=\"\" width=\"135\" height=\"240\" srcset=\"https:\/\/nvgf.dk\/wp-content\/uploads\/2026\/03\/IMG_5589-135x240.jpeg 135w, https:\/\/nvgf.dk\/wp-content\/uploads\/2026\/03\/IMG_5589-576x1024.jpeg 576w, https:\/\/nvgf.dk\/wp-content\/uploads\/2026\/03\/IMG_5589-96x170.jpeg 96w, https:\/\/nvgf.dk\/wp-content\/uploads\/2026\/03\/IMG_5589-768x1365.jpeg 768w, https:\/\/nvgf.dk\/wp-content\/uploads\/2026\/03\/IMG_5589-864x1536.jpeg 864w, https:\/\/nvgf.dk\/wp-content\/uploads\/2026\/03\/IMG_5589-1152x2048.jpeg 1152w, https:\/\/nvgf.dk\/wp-content\/uploads\/2026\/03\/IMG_5589-scaled.jpeg 1440w\" sizes=\"auto, (max-width: 135px) 100vw, 135px\" \/><\/a><\/td>\n<td style=\"border: 0px solid;\" colspan=\"4\"><a href=\"https:\/\/nvgf.dk\/wp-content\/uploads\/2026\/03\/IMG_5592-scaled.jpeg\"><img loading=\"lazy\" decoding=\"async\" class=\"alignleft size-medium wp-image-8578\" src=\"https:\/\/nvgf.dk\/wp-content\/uploads\/2026\/03\/IMG_5592-135x240.jpeg\" alt=\"\" width=\"135\" height=\"240\" srcset=\"https:\/\/nvgf.dk\/wp-content\/uploads\/2026\/03\/IMG_5592-135x240.jpeg 135w, https:\/\/nvgf.dk\/wp-content\/uploads\/2026\/03\/IMG_5592-576x1024.jpeg 576w, https:\/\/nvgf.dk\/wp-content\/uploads\/2026\/03\/IMG_5592-96x170.jpeg 96w, https:\/\/nvgf.dk\/wp-content\/uploads\/2026\/03\/IMG_5592-768x1365.jpeg 768w, https:\/\/nvgf.dk\/wp-content\/uploads\/2026\/03\/IMG_5592-864x1536.jpeg 864w, https:\/\/nvgf.dk\/wp-content\/uploads\/2026\/03\/IMG_5592-1152x2048.jpeg 1152w, https:\/\/nvgf.dk\/wp-content\/uploads\/2026\/03\/IMG_5592-scaled.jpeg 1440w\" sizes=\"auto, (max-width: 135px) 100vw, 135px\" \/><\/a><\/td>\n<\/tr>\n<\/tbody>\n<\/table>\n<p style=\"text-align: justify; font-size: 9pt;\"><em><a href=\"https:\/\/nvgf.dk\/?page_id=7291\">Tilbage til Rekreativt<\/a><\/em><\/p>\n ","protected":false},"excerpt":{"rendered":"<p>Sandflugtstien i Nordskoven (Senest opdateret 30.03.2026) Sandflugtstien er markeret med gule pile p\u00e5 lave p\u00e6le langs ruten, ligesom mange tr\u00e6er p\u00e5 ruten er m\u00e6rket med gule cirkelrunde pletter. P\u00e5 en del af skiltene st\u00e5r der under pilene desuden navnet p\u00e5 &hellip; <a href=\"https:\/\/nvgf.dk\/?page_id=8473\">L\u00e6s resten <span class=\"meta-nav\">&rarr;<\/span><\/a><\/p>\n","protected":false},"author":1,"featured_media":0,"parent":0,"menu_order":0,"comment_status":"closed","ping_status":"closed","template":"","meta":{"footnotes":"","_wp_rev_ctl_limit":"1"},"class_list":["post-8473","page","type-page","status-publish","hentry"],"_links":{"self":[{"href":"https:\/\/nvgf.dk\/index.php?rest_route=\/wp\/v2\/pages\/8473","targetHints":{"allow":["GET"]}}],"collection":[{"href":"https:\/\/nvgf.dk\/index.php?rest_route=\/wp\/v2\/pages"}],"about":[{"href":"https:\/\/nvgf.dk\/index.php?rest_route=\/wp\/v2\/types\/page"}],"author":[{"embeddable":true,"href":"https:\/\/nvgf.dk\/index.php?rest_route=\/wp\/v2\/users\/1"}],"replies":[{"embeddable":true,"href":"https:\/\/nvgf.dk\/index.php?rest_route=%2Fwp%2Fv2%2Fcomments&post=8473"}],"version-history":[{"count":1,"href":"https:\/\/nvgf.dk\/index.php?rest_route=\/wp\/v2\/pages\/8473\/revisions"}],"predecessor-version":[{"id":9401,"href":"https:\/\/nvgf.dk\/index.php?rest_route=\/wp\/v2\/pages\/8473\/revisions\/9401"}],"wp:attachment":[{"href":"https:\/\/nvgf.dk\/index.php?rest_route=%2Fwp%2Fv2%2Fmedia&parent=8473"}],"curies":[{"name":"wp","href":"https:\/\/api.w.org\/{rel}","templated":true}]}}