{"id":91,"date":"2010-12-02T20:46:51","date_gmt":"2010-12-02T18:46:51","guid":{"rendered":"http:\/\/nvgf.dk\/wordpress\/?page_id=91"},"modified":"2026-04-14T08:18:42","modified_gmt":"2026-04-14T06:18:42","slug":"forside-2-2","status":"publish","type":"page","link":"https:\/\/nvgf.dk\/","title":{"rendered":"Forside"},"content":{"rendered":"<table style=\"width: 100%; margin-left: 0%; margin-right: 0%; margin-top: 0em; border: #ADD8E6 0px solid;\" border=\"0\" frame=\"0\" cellspacing=\"5\" cellpadding=\"5\">\n<colgroup>\n<col style=\"width: 12.5%;\" \/>\n<col style=\"width: 12.5%;\" \/>\n<col style=\"width: 12.5%;\" \/>\n<col style=\"width: 12.5%;\" \/>\n<col style=\"width: 12.5%;\" \/>\n<col style=\"width: 12.5%;\" \/>\n<col style=\"width: 12.5%;\" \/>\n<col style=\"width: 12.5%;\" \/> <\/colgroup>\n<tbody>\n<tr valign=\"center\">\n<td style=\"border: #800000 2px solid; background-color: #fcce3f; text-align: center; font-family: verdana,geneva; font-size: 14pt; color: #800000;\" colspan=\"8\"><strong>Velkommen til<br \/>\nGrundejerforningen N\u00f8rrevangs hjemmeside<\/strong><\/td>\n<\/tr>\n<tr valign=\"top\">\n<td style=\"text-align: center; border: 2px solid #ffffff;\" colspan=\"8\">\n<h6 style=\"text-align: justify; font-family: verdana,geneva;\"><em>(Senest opdateret 12.04.2026)<\/em><\/h6>\n<\/td>\n<\/tr>\n<tr valign=\"top\">\n<td style=\"text-align: center; border: 2px solid #ffffff;\" colspan=\"8\">\n<div style=\"text-align: justify; font-family: verdana,geneva; font-size: 10pt; color: #000000; line-height: 1.6;\">F\u00f8rst et lille blik ud over kvarteret ovenfra &#8230;<\/div>\n<div style=\"text-align: justify; font-family: verdana,geneva; font-size: 10pt; color: #000000; margin-top: 2em; line-height: 1.6;\"><a href=\"https:\/\/nvgf.dk\/wp-content\/uploads\/2017\/06\/Norrevang_ovenfra.jpg\"><img loading=\"lazy\" decoding=\"async\" class=\"aligncenter size-full wp-image-3674\" src=\"https:\/\/nvgf.dk\/wp-content\/uploads\/2017\/06\/Norrevang_ovenfra.jpg\" alt=\"\" width=\"660\" height=\"456\" srcset=\"https:\/\/nvgf.dk\/wp-content\/uploads\/2017\/06\/Norrevang_ovenfra.jpg 660w, https:\/\/nvgf.dk\/wp-content\/uploads\/2017\/06\/Norrevang_ovenfra-200x138.jpg 200w, https:\/\/nvgf.dk\/wp-content\/uploads\/2017\/06\/Norrevang_ovenfra-300x207.jpg 300w, https:\/\/nvgf.dk\/wp-content\/uploads\/2017\/06\/Norrevang_ovenfra-400x276.jpg 400w\" sizes=\"auto, (max-width: 660px) 100vw, 660px\" \/><\/a><\/div>\n<\/td>\n<\/tr>\n<tr valign=\"top\">\n<td style=\"text-align: center;\" colspan=\"8\">\n<div style=\"text-align: justify; font-family: verdana,geneva; font-size: 10pt; color: #000000; margin: 1em 10px 2em 10px; line-height: 1.6;\">&#8230; og dern\u00e6st lidt billeder mere nede p\u00e5 jorden rundt i kvarteret.<\/div>\n<p><div id=\"metaslider-id-7956\" style=\"width: 100%;\" class=\"ml-slider-3-107-0 metaslider metaslider-flex metaslider-7956 ml-slider ms-theme-default-base nav-hidden\" role=\"region\" aria-label=\"New Slideshow\" data-height=\"540\" data-width=\"720\">\n    <div id=\"metaslider_container_7956\">\n        <div id=\"metaslider_7956\">\n            <ul aria-live='off' class='slides'>\n                <li style=\"display: block; width: 100%;\" class=\"slide-8061 ms-image \" aria-roledescription=\"slide\" data-date=\"2026-03-25 16:52:54\" data-filename=\"IMG-0008_2010-03-scaled-720x540.jpg\" data-slide-type=\"image\"><img loading=\"lazy\" decoding=\"async\" src=\"https:\/\/nvgf.dk\/wp-content\/uploads\/2026\/03\/IMG-0008_2010-03-scaled-720x540.jpg\" height=\"540\" width=\"720\" alt=\"\" class=\"slider-7956 slide-8061 msDefaultImage\" title=\"IMG-0008_2010-03\" \/><div class=\"caption-wrap\"><div class=\"caption\"><div style=\"text-align:center;\"><a class=\"ms-custom-button\" style=\"background-color:rgb(0,115,170);color:rgb(255,255,255);\" href=\"https:\/\/nvgf.dk\/wp-content\/uploads\/2026\/03\/IMG-0008_2010-03-scaled.jpg\" target=\"_blank\" rel=\"noreferrer noopener\">Klik<\/a> \u00a0<em>Da mirabelletr\u00e6et faldt (marts 2010)<\/em><\/div><\/div><\/div><\/li>\n                <li style=\"display: none; width: 100%;\" class=\"slide-8106 ms-image \" aria-roledescription=\"slide\" data-date=\"2026-03-27 09:21:19\" data-filename=\"IMG-7764_2009-05-scaled-720x540.jpg\" data-slide-type=\"image\"><img loading=\"lazy\" decoding=\"async\" src=\"https:\/\/nvgf.dk\/wp-content\/uploads\/2026\/03\/IMG-7764_2009-05-scaled-720x540.jpg\" height=\"540\" width=\"720\" alt=\"\" class=\"slider-7956 slide-8106 msDefaultImage\" title=\"IMG-7764_2009-05\" \/><div class=\"caption-wrap\"><div class=\"caption\"><div style=\"text-align:center;\"><a class=\"ms-custom-button\" style=\"background-color:rgb(0,115,170);color:rgb(255,255,255);\" href=\"https:\/\/nvgf.dk\/wp-content\/uploads\/2026\/03\/IMG-7764_2009-05-scaled.jpg\" target=\"_blank\" rel=\"noreferrer noopener\">Klik<\/a>\u00a0 L\u00e6rkevej (maj 2009)<\/div><\/div><\/div><\/li>\n                <li style=\"display: none; width: 100%;\" class=\"slide-8071 ms-image \" aria-roledescription=\"slide\" data-date=\"2026-03-25 16:52:55\" data-filename=\"IMG-7779_2009-05-scaled-720x540.jpg\" data-slide-type=\"image\"><img loading=\"lazy\" decoding=\"async\" src=\"https:\/\/nvgf.dk\/wp-content\/uploads\/2026\/03\/IMG-7779_2009-05-scaled-720x540.jpg\" height=\"540\" width=\"720\" alt=\"\" class=\"slider-7956 slide-8071 msDefaultImage\" title=\"IMG-7779_2009-05\" \/><div class=\"caption-wrap\"><div class=\"caption\"><div style=\"text-align:center;\"><a class=\"ms-custom-button\" style=\"background-color:rgb(0,115,170);color:rgb(255,255,255);\" href=\"https:\/\/nvgf.dk\/wp-content\/uploads\/2026\/03\/IMG-7779_2009-05-scaled.jpg\" target=\"_blank\" rel=\"noreferrer noopener\">Klik<\/a> \u00a0<em>Fyrrevej (maj 2009)<\/em><\/div><\/div><\/div><\/li>\n                <li style=\"display: none; width: 100%;\" class=\"slide-8075 ms-image \" aria-roledescription=\"slide\" data-date=\"2026-03-25 16:52:55\" data-filename=\"IMG-7883_2009-05-scaled-720x540.jpg\" data-slide-type=\"image\"><img loading=\"lazy\" decoding=\"async\" src=\"https:\/\/nvgf.dk\/wp-content\/uploads\/2026\/03\/IMG-7883_2009-05-scaled-720x540.jpg\" height=\"540\" width=\"720\" alt=\"\" class=\"slider-7956 slide-8075 msDefaultImage\" title=\"IMG-7883_2009-05\" \/><div class=\"caption-wrap\"><div class=\"caption\"><div style=\"text-align:center;\"><a class=\"ms-custom-button\" style=\"background-color:rgb(0,115,170);color:rgb(255,255,255);\" href=\"https:\/\/nvgf.dk\/wp-content\/uploads\/2026\/03\/IMG-7883_2009-05-scaled.jpg\" target=\"_blank\" rel=\"noreferrer noopener\">Klik<\/a> \u00a0<em>L\u00e6rkevej (maj 2009)<\/em><\/div><\/div><\/div><\/li>\n                <li style=\"display: none; width: 100%;\" class=\"slide-8076 ms-image \" aria-roledescription=\"slide\" data-date=\"2026-03-25 16:52:55\" data-filename=\"IMG-7884_2009-05-scaled-720x540.jpg\" data-slide-type=\"image\"><img loading=\"lazy\" decoding=\"async\" src=\"https:\/\/nvgf.dk\/wp-content\/uploads\/2026\/03\/IMG-7884_2009-05-scaled-720x540.jpg\" height=\"540\" width=\"720\" alt=\"\" class=\"slider-7956 slide-8076 msDefaultImage\" title=\"IMG-7884_2009-05\" \/><div class=\"caption-wrap\"><div class=\"caption\"><div style=\"text-align:center;\"><a class=\"ms-custom-button\" style=\"background-color:rgb(0,115,170);color:rgb(255,255,255);\" href=\"https:\/\/nvgf.dk\/wp-content\/uploads\/2026\/03\/IMG-7884_2009-05-scaled.jpg\" target=\"_blank\" rel=\"noreferrer noopener\">Klik<\/a> \u00a0<em>L\u00e6rkevej (maj 2009)\u00a0<\/em><\/div><\/div><\/div><\/li>\n                <li style=\"display: none; width: 100%;\" class=\"slide-8069 ms-image \" aria-roledescription=\"slide\" data-date=\"2026-03-25 16:52:55\" data-filename=\"IMG-7763_2009-05-scaled-720x540.jpg\" data-slide-type=\"image\"><img loading=\"lazy\" decoding=\"async\" src=\"https:\/\/nvgf.dk\/wp-content\/uploads\/2026\/03\/IMG-7763_2009-05-scaled-720x540.jpg\" height=\"540\" width=\"720\" alt=\"\" class=\"slider-7956 slide-8069 msDefaultImage\" title=\"IMG-7763_2009-05\" \/><div class=\"caption-wrap\"><div class=\"caption\"><div style=\"text-align:center;\"><a class=\"ms-custom-button\" style=\"background-color:rgb(0,115,170);color:rgb(255,255,255);\" href=\"https:\/\/nvgf.dk\/wp-content\/uploads\/2026\/03\/IMG-7763_2009-05-scaled.jpg\" target=\"_blank\" rel=\"noreferrer noopener\">Klik<\/a> \u00a0<em>L\u00e6rkevej (maj 2009)<\/em><\/div><\/div><\/div><\/li>\n                <li style=\"display: none; width: 100%;\" class=\"slide-8070 ms-image \" aria-roledescription=\"slide\" data-date=\"2026-03-25 16:52:55\" data-filename=\"IMG-7766_2009-05-scaled-720x540.jpg\" data-slide-type=\"image\"><img loading=\"lazy\" decoding=\"async\" src=\"https:\/\/nvgf.dk\/wp-content\/uploads\/2026\/03\/IMG-7766_2009-05-scaled-720x540.jpg\" height=\"540\" width=\"720\" alt=\"\" class=\"slider-7956 slide-8070 msDefaultImage\" title=\"IMG-7766_2009-05\" \/><div class=\"caption-wrap\"><div class=\"caption\"><div style=\"text-align:center;\"><a class=\"ms-custom-button\" style=\"background-color:rgb(0,115,170);color:rgb(255,255,255);\" href=\"https:\/\/nvgf.dk\/wp-content\/uploads\/2026\/03\/IMG-7766_2009-05-scaled.jpg\" target=\"_blank\" rel=\"noreferrer noopener\">Klik<\/a> \u00a0<em>L\u00e6rkevej (maj 2009)<\/em><\/div><\/div><\/div><\/li>\n                <li style=\"display: none; width: 100%;\" class=\"slide-8073 ms-image \" aria-roledescription=\"slide\" data-date=\"2026-03-25 16:52:55\" data-filename=\"IMG-7783_2009-05-scaled-720x540.jpg\" data-slide-type=\"image\"><img loading=\"lazy\" decoding=\"async\" src=\"https:\/\/nvgf.dk\/wp-content\/uploads\/2026\/03\/IMG-7783_2009-05-scaled-720x540.jpg\" height=\"540\" width=\"720\" alt=\"\" class=\"slider-7956 slide-8073 msDefaultImage\" title=\"IMG-7783_2009-05\" \/><div class=\"caption-wrap\"><div class=\"caption\"><div style=\"text-align:center;\"><a class=\"ms-custom-button\" style=\"background-color:rgb(0,115,170);color:rgb(255,255,255);\" href=\"https:\/\/nvgf.dk\/wp-content\/uploads\/2026\/03\/IMG-7783_2009-05-scaled.jpg\" target=\"_blank\" rel=\"noreferrer noopener\">Klik<\/a>\u00a0 <em>Kirseb\u00e6rtr\u00e6 (maj 2009)<\/em><\/div><\/div><\/div><\/li>\n                <li style=\"display: none; width: 100%;\" class=\"slide-8064 ms-image \" aria-roledescription=\"slide\" data-date=\"2026-03-25 16:52:54\" data-filename=\"IMG-3456_2011-05-scaled-720x540.jpg\" data-slide-type=\"image\"><img loading=\"lazy\" decoding=\"async\" src=\"https:\/\/nvgf.dk\/wp-content\/uploads\/2026\/03\/IMG-3456_2011-05-scaled-720x540.jpg\" height=\"540\" width=\"720\" alt=\"\" class=\"slider-7956 slide-8064 msDefaultImage\" title=\"IMG-3456_2011-05\" \/><div class=\"caption-wrap\"><div class=\"caption\"><div style=\"text-align:center;\"><a class=\"ms-custom-button\" style=\"background-color:rgb(0,115,170);color:rgb(255,255,255);\" href=\"https:\/\/nvgf.dk\/wp-content\/uploads\/2026\/03\/IMG-3456_2011-05-scaled.jpg\" target=\"_blank\" rel=\"noreferrer noopener\">Klik<\/a> \u00a0<em>L\u00e6rketr\u00e6et - en f\u00e6ldet storhed (maj 2011)<\/em><\/div><\/div><\/div><\/li>\n                <li style=\"display: none; width: 100%;\" class=\"slide-8067 ms-image \" aria-roledescription=\"slide\" data-date=\"2026-03-25 16:52:55\" data-filename=\"IMG-7722_2009-04-scaled-720x540.jpg\" data-slide-type=\"image\"><img loading=\"lazy\" decoding=\"async\" src=\"https:\/\/nvgf.dk\/wp-content\/uploads\/2026\/03\/IMG-7722_2009-04-scaled-720x540.jpg\" height=\"540\" width=\"720\" alt=\"\" class=\"slider-7956 slide-8067 msDefaultImage\" title=\"IMG-7722_2009-04\" \/><div class=\"caption-wrap\"><div class=\"caption\"><div style=\"text-align:center;\"><a class=\"ms-custom-button\" style=\"background-color:rgb(0,115,170);color:rgb(255,255,255);\" href=\"https:\/\/nvgf.dk\/wp-content\/uploads\/2026\/03\/IMG-7722_2009-04-scaled.jpg\" target=\"_blank\" rel=\"noreferrer noopener\">Klik<\/a> \u00a0<em>Mirabelletr\u00e6et i fuld blomst (april 2009)<\/em><\/div><\/div><\/div><\/li>\n                <li style=\"display: none; width: 100%;\" class=\"slide-8063 ms-image \" aria-roledescription=\"slide\" data-date=\"2026-03-25 16:52:54\" data-filename=\"IMG-3453_2011-05-scaled-720x540.jpg\" data-slide-type=\"image\"><img loading=\"lazy\" decoding=\"async\" src=\"https:\/\/nvgf.dk\/wp-content\/uploads\/2026\/03\/IMG-3453_2011-05-scaled-720x540.jpg\" height=\"540\" width=\"720\" alt=\"\" class=\"slider-7956 slide-8063 msDefaultImage\" title=\"IMG-3453_2011-05\" \/><div class=\"caption-wrap\"><div class=\"caption\"><div style=\"text-align:center;\"><a class=\"ms-custom-button\" style=\"background-color:rgb(0,115,170);color:rgb(255,255,255);\" href=\"https:\/\/nvgf.dk\/wp-content\/uploads\/2026\/03\/IMG-3453_2011-05-scaled.jpg\" target=\"_blank\" rel=\"noreferrer noopener\">Klik<\/a> \u00a0<em>Da toppen af l\u00e6rketr\u00e6et r\u00f8g (maj 2011)<\/em><\/div><\/div><\/div><\/li>\n                <li style=\"display: none; width: 100%;\" class=\"slide-8065 ms-image \" aria-roledescription=\"slide\" data-date=\"2026-03-25 16:52:54\" data-filename=\"IMG-7674_2009-04-scaled-720x540.jpg\" data-slide-type=\"image\"><img loading=\"lazy\" decoding=\"async\" src=\"https:\/\/nvgf.dk\/wp-content\/uploads\/2026\/03\/IMG-7674_2009-04-scaled-720x540.jpg\" height=\"540\" width=\"720\" alt=\"\" class=\"slider-7956 slide-8065 msDefaultImage\" title=\"IMG-7674_2009-04\" \/><div class=\"caption-wrap\"><div class=\"caption\"><div style=\"text-align:center;\"><a class=\"ms-custom-button\" style=\"background-color:rgb(0,115,170);color:rgb(255,255,255);\" href=\"https:\/\/nvgf.dk\/wp-content\/uploads\/2026\/03\/IMG-7674_2009-04-scaled.jpg\" target=\"_blank\" rel=\"noreferrer noopener\">Klik<\/a> \u00a0<em>L\u00e6rkevej (april 2009)<\/em><\/div><\/div><\/div><\/li>\n                <li style=\"display: none; width: 100%;\" class=\"slide-8068 ms-image \" aria-roledescription=\"slide\" data-date=\"2026-03-25 16:52:55\" data-filename=\"IMG-7724_2009-05-scaled-720x540.jpg\" data-slide-type=\"image\"><img loading=\"lazy\" decoding=\"async\" src=\"https:\/\/nvgf.dk\/wp-content\/uploads\/2026\/03\/IMG-7724_2009-05-scaled-720x540.jpg\" height=\"540\" width=\"720\" alt=\"\" class=\"slider-7956 slide-8068 msDefaultImage\" title=\"IMG-7724_2009-05\" \/><div class=\"caption-wrap\"><div class=\"caption\"><div style=\"text-align:center;\"><a class=\"ms-custom-button\" style=\"background-color:rgb(0,115,170);color:rgb(255,255,255);\" href=\"https:\/\/nvgf.dk\/wp-content\/uploads\/2026\/03\/IMG-7724_2009-05-scaled.jpg\" target=\"_blank\" rel=\"noreferrer noopener\">Klik<\/a> \u00a0<em>Kirseb\u00e6rtr\u00e6 (maj 2009)<\/em><\/div><\/div><\/div><\/li>\n                <li style=\"display: none; width: 100%;\" class=\"slide-8066 ms-image \" aria-roledescription=\"slide\" data-date=\"2026-03-25 16:52:55\" data-filename=\"IMG-7675_2009-04-scaled-720x540.jpg\" data-slide-type=\"image\"><img loading=\"lazy\" decoding=\"async\" src=\"https:\/\/nvgf.dk\/wp-content\/uploads\/2026\/03\/IMG-7675_2009-04-scaled-720x540.jpg\" height=\"540\" width=\"720\" alt=\"\" class=\"slider-7956 slide-8066 msDefaultImage\" title=\"IMG-7675_2009-04\" \/><div class=\"caption-wrap\"><div class=\"caption\"><div style=\"text-align:center;\"><a class=\"ms-custom-button\" style=\"background-color:rgb(0,115,170);color:rgb(255,255,255);\" href=\"https:\/\/nvgf.dk\/wp-content\/uploads\/2026\/03\/IMG-7675_2009-04-scaled.jpg\" target=\"_blank\" rel=\"noreferrer noopener\">Klik<\/a> \u00a0<em>Birkevej (april 2009)<\/em><\/div><\/div><\/div><\/li>\n                <li style=\"display: none; width: 100%;\" class=\"slide-8062 ms-image \" aria-roledescription=\"slide\" data-date=\"2026-03-25 16:52:54\" data-filename=\"IMG-3421_2011-05-scaled-720x540.jpg\" data-slide-type=\"image\"><img loading=\"lazy\" decoding=\"async\" src=\"https:\/\/nvgf.dk\/wp-content\/uploads\/2026\/03\/IMG-3421_2011-05-scaled-720x540.jpg\" height=\"540\" width=\"720\" alt=\"\" class=\"slider-7956 slide-8062 msDefaultImage\" title=\"IMG-3421_2011-05\" \/><div class=\"caption-wrap\"><div class=\"caption\"><div style=\"text-align:center;\"><a class=\"ms-custom-button\" style=\"background-color:rgb(0,115,170);color:rgb(255,255,255);\" href=\"https:\/\/nvgf.dk\/wp-content\/uploads\/2026\/03\/IMG-3421_2011-05-scaled.jpg\" target=\"_blank\" rel=\"noreferrer noopener\">Klik<\/a> \u00a0<em>Nyt sand til legepladsen (maj 2011)<\/em><\/div><\/div><\/div><\/li>\n                <li style=\"display: none; width: 100%;\" class=\"slide-8074 ms-image \" aria-roledescription=\"slide\" data-date=\"2026-03-25 16:52:55\" data-filename=\"IMG-7818_2009-05-scaled-720x540.jpg\" data-slide-type=\"image\"><img loading=\"lazy\" decoding=\"async\" src=\"https:\/\/nvgf.dk\/wp-content\/uploads\/2026\/03\/IMG-7818_2009-05-scaled-720x540.jpg\" height=\"540\" width=\"720\" alt=\"\" class=\"slider-7956 slide-8074 msDefaultImage\" title=\"IMG-7818_2009-05\" \/><div class=\"caption-wrap\"><div class=\"caption\"><div style=\"text-align:center;\"><a class=\"ms-custom-button\" style=\"background-color:rgb(0,115,170);color:rgb(255,255,255);\" href=\"https:\/\/nvgf.dk\/wp-content\/uploads\/2026\/03\/IMG-7818_2009-05-scaled.jpg\" target=\"_blank\" rel=\"noreferrer noopener\">Klik<\/a>\u00a0 <em>Kirseb\u00e6rtr\u00e6 (maj 2009)<\/em><\/div><\/div><\/div><\/li>\n                <li style=\"display: none; width: 100%;\" class=\"slide-8072 ms-image \" aria-roledescription=\"slide\" data-date=\"2026-03-25 16:52:55\" data-filename=\"IMG-7782_2009-05-scaled-720x540.jpg\" data-slide-type=\"image\"><img loading=\"lazy\" decoding=\"async\" src=\"https:\/\/nvgf.dk\/wp-content\/uploads\/2026\/03\/IMG-7782_2009-05-scaled-720x540.jpg\" height=\"540\" width=\"720\" alt=\"\" class=\"slider-7956 slide-8072 msDefaultImage\" title=\"IMG-7782_2009-05\" \/><div class=\"caption-wrap\"><div class=\"caption\"><div style=\"text-align:center;\"><a class=\"ms-custom-button\" style=\"background-color:rgb(0,115,170);color:rgb(255,255,255);\" href=\"https:\/\/nvgf.dk\/wp-content\/uploads\/2026\/03\/IMG-7782_2009-05-scaled.jpg\" target=\"_blank\" rel=\"noreferrer noopener\">Klik<\/a>\u00a0 \u00a0<em>Kirseb\u00e6rtr\u00e6 (maj 2009)<\/em><\/div><\/div><\/div><\/li>\n            <\/ul>\n        <\/div>\n        \n    <\/div>\n<\/div><\/td>\n<\/tr>\n<tr valign=\"center\">\n<td style=\"border: #800000 2px solid; background-color: #fcce3f; text-align: center; font-family: verdana,geneva; font-size: 14pt; color: #800000;\" colspan=\"8\"><strong>Links og genveje<\/strong><\/td>\n<\/tr>\n<tr valign=\"top\">\n<td style=\"text-align: center; border: 2px solid #ffffff;\" colspan=\"8\">\n<div style=\"text-align: justify; font-family: verdana,geneva; font-size: 10pt; color: #000000; margin: 1em 10px 1em 10px; line-height: 1.6;\">Herunder er der lidt links og genveje til de forskellige undersider. Man kan naturligvis ogs\u00e5 bruge menubj\u00e6lken \u00f8verst oppe p\u00e5 siden.<\/div>\n<\/td>\n<\/tr>\n<tr valign=\"center\">\n<td style=\"text-align: center; border: 2px solid #ffffff;\" colspan=\"1\"><\/td>\n<td style=\"text-align: center; border: 2px solid #ffffff;\" colspan=\"6\">\n<a class=\"maxbutton-1 maxbutton maxbutton-norrevang\" target=\"_blank\" rel=\"noopener\" href=\"\/?page_id=9566\"><span class='mb-text'>V\u00e6rd at vide om N\u00f8rrevang<\/span><\/a><\/td>\n<td style=\"text-align: center; border: 2px solid #ffffff;\" colspan=\"1\"><\/td>\n<\/tr>\n<tr valign=\"center\">\n<td style=\"text-align: center; border: 2px solid #ffffff;\" colspan=\"4\">\n<a class=\"maxbutton-2 maxbutton maxbutton-foreningen\" target=\"_blank\" rel=\"noopener\" href=\"\/?page_id=20\"><span class='mb-text'>Grundejerforeningen N\u00f8rrevang<\/span><\/a> <\/td>\n<td style=\"text-align: center; border: 2px solid #ffffff;\" colspan=\"4\">\n<a class=\"maxbutton-8 maxbutton maxbutton-kontakt\" target=\"_blank\" rel=\"noopener\" href=\"\/?page_id=523\"><span class='mb-text'>Kontakt foreningen<\/span><\/a><\/td>\n<\/tr>\n<tr valign=\"center\">\n<td style=\"text-align: center; border: 2px solid #ffffff;\" colspan=\"4\">\n<a class=\"maxbutton-20 maxbutton maxbutton-legepladsen\" target=\"_blank\" rel=\"noopener\" href=\"\/?page_id=8449\"><span class='mb-text'>Legepladsen<\/span><\/a><\/td>\n<td style=\"text-align: center; margin-top: 3em; border: 2px solid #ffffff;\" colspan=\"4\">\n<a class=\"maxbutton-3 maxbutton maxbutton-servitutter\" target=\"_blank\" rel=\"noopener\" href=\"\/?page_id=6085\"><span class='mb-text'>Servitutter og regler for svenskehusene<\/span><\/a><\/td>\n<\/tr>\n<tr valign=\"center\">\n<td style=\"text-align: right; border: 2px solid #ffffff;\" colspan=\"4\">\n<a class=\"maxbutton-4 maxbutton maxbutton-traditioner\" target=\"_blank\" rel=\"noopener\" href=\"\/?page_id=56\"><span class='mb-text'>Lidt om kvarterets traditioner<\/span><\/a> <\/td>\n<td style=\"text-align: left; border: 2px solid #ffffff;\" colspan=\"4\">\n<a class=\"maxbutton-7 maxbutton maxbutton-fotoalbummet\" target=\"_blank\" rel=\"noopener\" href=\"\/?page_id=49\"><span class='mb-text'>Fotoalbummet<\/span><\/a><\/td>\n<\/tr>\n<tr valign=\"center\">\n<td style=\"text-align: center; margin-top: 3em; border: 2px solid #ffffff;\" colspan=\"2\"><a class=\"maxbutton-18 maxbutton maxbutton-barn\" target=\"_blank\" rel=\"noopener\" href=\"\/?page_id=9566 #Barn\"><span class='mb-text'>B\u00f8rn og trafik<\/span><\/a><\/td>\n<td style=\"text-align: center; margin-top: 3em; border: 2px solid #ffffff;\" colspan=\"4\"><a class=\"maxbutton-6 maxbutton maxbutton-kloak\" target=\"_blank\" rel=\"noopener\" href=\"\/?page_id=6905\"><span class='mb-text'>Kloaksepareringens betydning for h\u00e5ndteringen af spildevand<\/span><\/a><\/td>\n<td style=\"text-align: center; margin-top: 3em; border: 2px solid #ffffff;\" colspan=\"2\"><a class=\"maxbutton-19 maxbutton maxbutton-traer\" target=\"_blank\" rel=\"noopener\" href=\"\/?page_id=9566 #Traer\"><span class='mb-text'>Vej-tr\u00e6er<\/span><\/a><\/td>\n<\/tr>\n<tr valign=\"center\">\n<td style=\"text-align: center; border: 2px solid #ffffff;\" colspan=\"4\"><a class=\"maxbutton-5 maxbutton maxbutton-rekreativt\" target=\"_blank\" rel=\"noopener\" href=\"\/?page_id=7291\"><span class='mb-text'>Rekreative muligheder lige uden for d\u00f8ren<\/span><\/a>\n<\/td>\n<td style=\"text-align: center; border: 2px solid #ffffff;\" colspan=\"4\"><a class=\"maxbutton-9 maxbutton maxbutton-tips-og-ideer\" target=\"_blank\" rel=\"noopener\" href=\"\/?page_id=4576\"><span class='mb-text'>Tips og ideer<\/span><\/a> <\/td>\n<\/tr>\n<tr valign=\"center\">\n<td style=\"text-align: center; border: 2px solid #ffffff;\" colspan=\"4\"><a class=\"maxbutton-21 maxbutton maxbutton-nordskoven\" target=\"_blank\" rel=\"noopener\" href=\"\/?page_id=8454\"><span class='mb-text'>Nordskoven<\/span><\/a><\/td>\n<td style=\"text-align: center; border: 2px solid #ffffff;\" colspan=\"4\"><a class=\"maxbutton-10 maxbutton maxbutton-privatlivspolitik\" target=\"_blank\" rel=\"noopener\" href=\"\/?page_id=5478\"><span class='mb-text'>Privatlivspolitik<\/span><\/a>\n<\/td>\n<\/tr>\n<tr valign=\"center\">\n<td style=\"text-align: right; border: 2px solid #ffffff;\" colspan=\"4\"><a class=\"maxbutton-11 maxbutton maxbutton-bestyrelsen\" target=\"_blank\" rel=\"noopener\" href=\"\/?page_id=20 #Bestyr\"><span class='mb-text'>Grundejerforeningens bestyrelse<\/span><\/a><\/td>\n<td style=\"text-align: left; border: 2px solid #ffffff;\" colspan=\"4\"><a class=\"maxbutton-12 maxbutton maxbutton-vedtaegter\" target=\"_blank\" rel=\"noopener\" href=\"\/?page_id=20 #Ved\"><span class='mb-text'>Grundejerforeningens vedt\u00e6gter<\/span><\/a><\/td>\n<\/tr>\n<tr valign=\"center\">\n<td style=\"text-align: center; border: 2px solid #ffffff;\" colspan=\"8\"><a class=\"maxbutton-13 maxbutton maxbutton-historie\" target=\"_blank\" rel=\"noopener\" href=\"\/?page_id=9566 #Hist\"><span class='mb-text'>Svenskehusenes s\u00e6rlige historie<\/span><\/a><\/td>\n<\/tr>\n<tr valign=\"center\">\n<td style=\"text-align: center; border: 2px solid #ffffff;\" colspan=\"8\"><a class=\"maxbutton-22 maxbutton maxbutton-lyskrydset\" target=\"_blank\" rel=\"noopener\" href=\"\/?page_id=9566 #Lys\"><span class='mb-text'>Lyskrydset p\u00e5 Haslevej<\/span><\/a><\/td>\n<\/tr>\n<\/tbody>\n<\/table>\n ","protected":false},"excerpt":{"rendered":"<p>Velkommen til Grundejerforningen N\u00f8rrevangs hjemmeside (Senest opdateret 12.04.2026) F\u00f8rst et lille blik ud over kvarteret ovenfra &#8230; &#8230; og dern\u00e6st lidt billeder mere nede p\u00e5 jorden rundt i kvarteret. Links og genveje Herunder er der lidt links og genveje til &hellip; <a href=\"https:\/\/nvgf.dk\/\">L\u00e6s resten <span class=\"meta-nav\">&rarr;<\/span><\/a><\/p>\n","protected":false},"author":1,"featured_media":0,"parent":0,"menu_order":2,"comment_status":"closed","ping_status":"closed","template":"","meta":{"footnotes":"","_wp_rev_ctl_limit":"1"},"class_list":["post-91","page","type-page","status-publish","hentry"],"_links":{"self":[{"href":"https:\/\/nvgf.dk\/index.php?rest_route=\/wp\/v2\/pages\/91","targetHints":{"allow":["GET"]}}],"collection":[{"href":"https:\/\/nvgf.dk\/index.php?rest_route=\/wp\/v2\/pages"}],"about":[{"href":"https:\/\/nvgf.dk\/index.php?rest_route=\/wp\/v2\/types\/page"}],"author":[{"embeddable":true,"href":"https:\/\/nvgf.dk\/index.php?rest_route=\/wp\/v2\/users\/1"}],"replies":[{"embeddable":true,"href":"https:\/\/nvgf.dk\/index.php?rest_route=%2Fwp%2Fv2%2Fcomments&post=91"}],"version-history":[{"count":1,"href":"https:\/\/nvgf.dk\/index.php?rest_route=\/wp\/v2\/pages\/91\/revisions"}],"predecessor-version":[{"id":9836,"href":"https:\/\/nvgf.dk\/index.php?rest_route=\/wp\/v2\/pages\/91\/revisions\/9836"}],"wp:attachment":[{"href":"https:\/\/nvgf.dk\/index.php?rest_route=%2Fwp%2Fv2%2Fmedia&parent=91"}],"curies":[{"name":"wp","href":"https:\/\/api.w.org\/{rel}","templated":true}]}}